 divide 451?
False
Is 26 a factor of 390?
True
Is 22 a factor of 225?
False
Is 5846 a multiple of 15?
False
Is 8808 a multiple of 12?
True
Is 82 a factor of 12447?
False
Is 108 a multiple of 61?
False
Is 14706 a multiple of 37?
False
Is 2491 a multiple of 47?
True
Does 19 divide 418?
True
Is 60 a multiple of 12?
True
Is 772 a multiple of 34?
False
Is 212 a multiple of 2?
True
Is 18 a factor of 2059?
False
Is 6130 a multiple of 40?
False
Is 1312 a multiple of 41?
True
Does 27 divide 1112?
False
Is 40 a multiple of 6?
False
Is 5616 a multiple of 24?
True
Is 384 a multiple of 6?
True
Does 2 divide 46?
True
Is 33 a factor of 8955?
False
Is 15840 a multiple of 132?
True
Is 38 a factor of 8178?
False
Is 67 a factor of 536?
True
Does 8 divide 1312?
True
Is 17 a factor of 1955?
True
Is 12112 a multiple of 19?
False
Is 650 a multiple of 65?
True
Is 8232 a multiple of 21?
True
Does 169 divide 4193?
False
Does 89 divide 445?
True
Is 152 a multiple of 24?
False
Is 2117 a multiple of 17?
False
Does 38 divide 26562?
True
Is 2 a factor of 105?
False
Is 12566 a multiple of 103?
True
Does 152 divide 39824?
True
Is 21 a factor of 69951?
True
Is 10 a factor of 340?
True
Is 1500 a multiple of 12?
True
Does 43 divide 432?
False
Is 3318 a multiple of 7?
True
Is 2 a factor of 2793?
False
Does 12 divide 31884?
True
Is 1096 a multiple of 2?
True
Is 28 a factor of 1008?
True
Is 223 a multiple of 10?
False
Is 79 a multiple of 3?
False
Does 32 divide 6054?
False
Is 4 a factor of 2694?
False
Does 22 divide 4796?
True
Does 80 divide 14943?
False
Is 3173 a multiple of 8?
False
Is 3 a factor of 10?
False
Does 8 divide 2700?
False
Does 57 divide 548?
False
Is 26 a factor of 2467?
False
Is 31 a factor of 19985?
False
Is 23 a factor of 20691?
False
Is 16 a factor of 81168?
True
Is 27432 a multiple of 24?
True
Does 5 divide 1102?
False
Is 550 a multiple of 13?
False
Is 37 a factor of 1554?
True
Is 1262 a multiple of 5?
False
Is 42028 a multiple of 38?
True
Is 15 a factor of 415?
False
Is 28 a factor of 588?
True
Is 88 a factor of 8360?
True
Does 64 divide 2974?
False
Does 59 divide 15201?
False
Is 76 a multiple of 4?
True
Is 30 a factor of 175020?
True
Does 4 divide 25003?
False
Is 18181 a multiple of 39?
False
Is 32 a factor of 768?
True
Is 1085 a multiple of 5?
True
Does 9 divide 3888?
True
Is 3726 a multiple of 18?
True
Does 43 divide 23908?
True
Is 23 a factor of 6348?
True
Is 99 a factor of 7128?
True
Does 7 divide 172?
False
Is 79 a factor of 23384?
True
Does 7 divide 1281?
True
Is 13 a factor of 23127?
True
Is 45 a factor of 1395?
True
Is 60053 a multiple of 94?
False
Is 9 a factor of 72?
True
Does 23 divide 24308?
False
Is 43 a factor of 64780?
False
Is 242 a multiple of 22?
True
Is 7 a factor of 73?
False
Is 240 a multiple of 8?
True
Is 493 a multiple of 8?
False
Is 31 a factor of 961?
True
Does 24 divide 720?
True
Does 3 divide 7297?
False
Is 2088 a multiple of 8?
True
Does 3 divide 15578?
False
Does 51 divide 7470?
False
Is 16 a factor of 343?
False
Is 725 a multiple of 13?
False
Is 162 a multiple of 18?
True
Is 711 a multiple of 37?
False
Does 63 divide 5332?
False
Is 38 a factor of 955?
False
Is 881 a multiple of 20?
False
Does 4 divide 2738?
False
Is 37 a factor of 470?
False
Is 132 a multiple of 2?
True
Is 3871 a multiple of 10?
False
Is 280 a multiple of 5?
True
Does 52 divide 14404?
True
Does 19 divide 2097?
False
Is 112 a factor of 33600?
True
Does 34 divide 680?
True
Is 7 a factor of 12?
False
Is 279 a factor of 8649?
True
Is 259 a factor of 26581?
False
Is 58558 a multiple of 121?
False
Is 7 a factor of 35714?
True
Does 13 divide 1260?
False
Does 63 divide 391?
False
Is 13 a factor of 2869?
False
Is 20 a factor of 1100?
True
Does 2 divide 228?
True
Does 3 divide 132?
True
Does 4 divide 368?
True
Does 15 divide 55389?
False
Is 33 a factor of 18600?
False
Is 840 a multiple of 84?
True
Is 5 a factor of 140?
True
Is 188 a factor of 25004?
True
Is 220 a factor of 8228?
False
Is 1836 a multiple of 68?
True
Is 19 a factor of 878?
False
Is 8 a factor of 656?
True
Is 3048 a multiple of 12?
True
Is 22 a factor of 2000?
False
Is 58292 a multiple of 247?
True
Is 19 a factor of 421?
False
Is 6007 a multiple of 138?
False
Does 38 divide 21584?
True
Is 36 a factor of 955?
False
Does 14 divide 89778?
False
Is 417 a multiple of 2?
False
Is 1119 a multiple of 61?
False
Does 31 divide 4433?
True
Is 6 a factor of 8700?
True
Is 2 a factor of 3?
False
Is 175 a factor of 811?
False
Is 17 a factor of 1190?
True
Does 84 divide 4678?
False
Is 964 a multiple of 17?
False
Does 13 divide 3594?
False
Does 29 divide 377?
True
Is 68 a multiple of 4?
True
Does 45 divide 8500?
False
Does 61 divide 19643?
False
Is 800 a multiple of 15?
False
Is 42 a factor of 109788?
True
Is 11 a factor of 1195?
False
Does 18 divide 2808?
True
Is 121 a factor of 39930?
True
Is 20 a factor of 1060?
True
Is 96 a factor of 11712?
True
Is 39 a factor of 31161?
True
Is 9 a factor of 558?
True
Is 41 a factor of 37068?
False
Is 246 a multiple of 82?
True
Is 109 a factor of 5676?
False
Does 5 divide 3685?
True
Does 3 divide 542?
False
Does 34 divide 1380?
False
Does 2 divide 19137?
False
Is 3863 a multiple of 39?
False
Is 14307 a multiple of 19?
True
Is 336 a multiple of 3?
True
Does 5 divide 2150?
True
Is 34 a factor of 1930?
False
Does 40 divide 50480?
True
Is 6280 a multiple of 219?
False
Does 21 divide 5628?
True
Is 100 a factor of 1500?
True
Does 25 divide 350?
True
Does 178 divide 49840?
True
Does 19 divide 9481?
True
Is 13 a factor of 1001?
True
Does 2 divide 202?
True
Does 19 divide 2784?
False
Is 1233 a multiple of 6?
False
Is 2487 a multiple of 22?
False
Does 11 divide 77?
True
Is 420 a multiple of 14?
True
Is 40318 a multiple of 64?
False
Is 63 a factor of 11479?
False
Is 17 a factor of 1768?
True
Is 202 a multiple of 7?
False
Is 41 a factor of 3853?
False
Is 32095 a multiple of 24?
False
Is 180 a multiple of 3?
True
Is 14 a factor of 3406?
False
Is 195 a factor of 33664?
False
Does 6 divide 4680?
True
Does 5 divide 1317?
False
Does 65 divide 24017?
False
Is 70 a factor of 3780?
True
Is 138 a factor of 51231?
False
Is 15614 a multiple of 37?
True
Is 311 a factor of 18744?
False
Does 6 divide 304?
False
Is 14 a factor of 532?
True
Does 11 divide 9075?
True
Is 697 a multiple of 19?
False
Is 18 a factor of 29106?
True
Is 1751 a multiple of 17?
True
Does 99 divide 28021?
False
Is 73 a factor of 23433?
True
Is 3601 a multiple of 277?
True
Is 7332 a multiple of 20?
False
Is 104 a factor of 1560?
True
Is 16 a factor of 3760?
True
Is 91 a factor of 6643?
True
Is 389 a multiple of 32?
False
Is 4186 a multiple of 15?
False
Does 18 divide 6799?
False
Is 722 a multiple of 2?
True
Is 10396 a multiple of 23?
True
Does 18 divide 9540?
True
Does 15 divide 111579?
False
Does 27 divide 1137?
False
Is 7280 a multiple of 14?
True
Is 912 a multiple of 19?
True
Is 47 a factor of 71252?
True
Is 13 a factor of 5219?
False
Is 5 a factor of 18735?
True
Does 35 divide 972?
False
Is 5008 a multiple of 4?
True
Is 45 a factor of 3097?
False
Is 6862 a multiple of 94?
True
Is 5 a factor of 1480?
True
Does 31 divide 3511?
False
Is 9 a factor of 1629?
True
Does 12 divide 851?
False
Is 51672 a multiple of 190?
False
Is 1860 a multiple of 93?
True
Is 66 a factor of 2253?
False
Is 3 a factor of 604?
False
Does 48 divide 1089?
False
Does 72 divide 2659?
False
Is 176 a factor of 59840?
True
Does 65 divide 359?
False
Is 46420 a multiple of 20?
True
Is 83 a factor of 18412?
False
Is 3 a factor of 83?
False
Does 36 divide 18648?
True
Does 79 divide 2212?
True
Does 47 divide 1457?
True
Does 27 divide 1829?
False
Is 48 a multiple of 2?
True
Is 69714 a multiple of 27?
True
Is 29 a factor of 218?
False
Is 896 a multiple of 10?
False
Does 9 divide 19694?
False
Is 17 a factor of 1480?
False
Is 7868 a multiple of 28?
True
Is 12 a factor of 1332?
True
Is 15 a factor of 2004?
False
Is 9477 a multiple of 39?
True
Is 1254 a multiple of 19?
True
Is 3072 a multiple of 16?
True
Is 46288 a multiple of 19?
False
Is 22 a factor of 10912?
True
Does 18 divide 3471?
False
Does 35 divide 5705?
True
Does 49 divide 147?
True
Is 7 a factor of 12?
False
Does 46 divide 8188?
True
Is 11 even?
False
Is 38 a factor of 35682?
True
Is 16 a factor of 80648?
False
Does 6 divi